test common factor of 17549 and 4117?
23
Calculate the highest common factor of 351552 and 204.
12
Calculate the greatest common divisor of 110290 and 164.
82
Calculate the greatest common factor of 1133 and 143.
11
Calculate the greatest common divisor of 86 and 8213.
43
What is the highest common factor of 16 and 409616?
16
Calculate the highest common divisor of 5708791 and 11.
11
What is the highest common factor of 1295 and 209531?
259
Calculate the highest common factor of 42 and 75376.
14
What is the highest common divisor of 166 and 4403814?
166
Calculate the highest common factor of 5983 and 8685.
193
What is the highest common factor of 26 and 1963?
13
What is the greatest common factor of 171 and 343881?
171
Calculate the highest common divisor of 20 and 105830.
10
Calculate the greatest common factor of 10 and 50.
10
Calculate the highest common divisor of 13768 and 40.
8
What is the highest common divisor of 66341 and 2035?
407
Calculate the greatest common factor of 70 and 35315.
35
What is the highest common factor of 8074 and 436730?
734
Calculate the highest common factor of 49 and 31976.
7
Calculate the greatest common divisor of 46188 and 2367.
9
Calculate the highest common divisor of 39906 and 54.
54
What is the highest common divisor of 137371 and 13?
13
What is the highest common factor of 15184 and 18824?
104
Calculate the highest common factor of 90 and 319530.
30
Calculate the highest common divisor of 161 and 89677.
161
Calculate the greatest common factor of 16 and 189552.
16
What is the highest common divisor of 1935 and 110510?
215
What is the greatest common factor of 32 and 5771040?
32
What is the highest common factor of 32585 and 5453?
133
Calculate the highest common factor of 13059 and 381613.
1451
What is the highest common divisor of 78 and 676?
26
What is the greatest common divisor of 1152 and 2616?
24
Calculate the greatest common factor of 36 and 16362468.
36
What is the greatest common factor of 44443 and 319264?
907
Calculate the greatest common divisor of 3009 and 4425.
177
Calculate the greatest common factor of 12462 and 2418.
186
What is the highest common factor of 306 and 22122?
18
What is the greatest common divisor of 52208 and 6656?
208
Calculate the highest common divisor of 2995 and 60499.
599
Calculate the highest common divisor of 43943 and 7.
1
What is the highest common divisor of 81 and 363?
3
Calculate the greatest common divisor of 16460 and 4240.
20
What is the greatest common divisor of 3976 and 68444?
284
What is the highest common factor of 4711 and 119?
7
Calculate the greatest common divisor of 72 and 7794.
18
Calculate the greatest common divisor of 11316384 and 288.
288
Calculate the greatest common divisor of 10 and 821965.
5
What is the greatest common divisor of 4180 and 23332?
76
What is the highest common divisor of 30 and 175680?
30
What is the highest common factor of 845 and 12337?
169
What is the highest common divisor of 255 and 114512?
17
What is the highest common factor of 36 and 29076?
12
Calculate the highest common factor of 48 and 94448.
16
Calculate the greatest common factor of 2952 and 1416.
24
Calculate the greatest common factor of 765037 and 2548.
637
Calculate the greatest common divisor of 69502 and 930.
62
Calculate the greatest common divisor of 8824 and 40.
8
What is the highest common divisor of 205 and 18122?
41
What is the greatest common factor of 7371 and 14391?
351
What is the greatest common divisor of 55 and 366157?
11
What is the highest common factor of 48 and 11184?
48
Calculate the greatest common divisor of 360 and 152.
8
Calculate the greatest common factor of 156060 and 108.
108
What is the greatest common factor of 81774 and 4?
2
What is the highest common divisor of 6535 and 48?
1
Calculate the highest common divisor of 243659 and 208.
13
Calculate the greatest common divisor of 946276 and 836.
76
Calculate the highest common factor of 6225 and 2775.
75
Calculate the greatest common factor of 22 and 1202.
2
Calculate the highest common factor of 728926 and 748.
374
What is the highest common divisor of 919 and 2170678?
919
Calculate the highest common divisor of 24685259 and 919.
919
What is the highest common factor of 222339 and 78?
39
Calculate the highest common divisor of 12669 and 8241.
123
Calculate the highest common divisor of 747 and 387.
9
Calculate the greatest common factor of 1398 and 300.
6
Calculate the highest common factor of 3712052 and 632.
316
Calculate the highest common divisor of 365 and 7592.
73
Calculate the greatest common factor of 68656 and 1456.
112
What is the highest common divisor of 13716 and 127?
127
Calculate the highest common factor of 7441 and 1568.
7
What is the greatest common factor of 11 and 9601867?
11
What is the greatest common factor of 2585 and 128733?
517
What is the highest common divisor of 7429 and 34?
17
What is the highest common factor of 130 and 254540?
130
What is the greatest common factor of 1419 and 64371?
129
Calculate the highest common divisor of 26549 and 1112.
139
What is the greatest common factor of 147695 and 193765?
1355
What is the greatest common factor of 77634 and 2850?
114
What is the greatest common divisor of 18983 and 6019?
463
Calculate the greatest common factor of 60 and 7788.
12
Calculate the greatest common factor of 3938 and 4906.
22
What is the greatest common divisor of 1314 and 696?
6
What is the highest common divisor of 443604 and 84?
84
Calculate the greatest common factor of 2695 and 259945.
245
What is the highest common factor of 1546 and 78073?
773
What is the highest common factor of 389019 and 1869?
267
Calculate the highest common divisor of 1012 and 104.
4
What is the highest common factor of 1185 and 889145?
395
What is the highest common factor of 2088870 and 870?
870
What is the highest common factor of 55719 and 43488?
1359
What is the greatest common factor of 7 and 434917?
7
What is the greatest common divisor of 15614 and 7596?
422
What is the greatest common divisor of 191630 and 10?
10
What is the greatest common factor of 96 and 24036?
12
Calculate the greatest common divisor of 1215 and 246825.
45
What is the greatest common factor of 9150450 and 150?
150
What is the highest common divisor of 11614253 and 791?
791
What is the greatest common factor of 913 and 166?
83
What is the highest common factor of 224 and 26292?
28
Calculate the greatest common factor of 2268 and 307557.
81
Calculate the greatest common divisor of 51 and 16099.
17
What is the greatest common divisor of 1275 and 158925?
75
What is the highest common factor of 1712 and 1454344?
856
What is the highest common factor of 26 and 125177?
13
What is the greatest common divisor of 18936 and 336?
24
Calculate the highest common factor of 3 and 3280.
1
Calculate the greatest common divisor of 93500 and 1683.
187
Calculate the highest common divisor of 98806 and 2723.
389
What is the greatest common divisor of 115 and 1381265?
115
What is the highest common factor of 2037823 and 1886?
943
Calculate the highest common divisor of 27 and 940293.
9
Calculate the highest common factor of 27195 and 7215.
555
Calculate the greatest common factor of 61334 and 689.
13
Calculate the highest common factor of 25 and 2196325.
25
Calculate the greatest common divisor of 284 and 764102.
142
What is the greatest common divisor of 105156 and 5588?
508
Calculate the greatest common factor of 48 and 58185.
3
What is the greatest common factor of 21735 and 3010?
35
What is the greatest common factor of 2828 and 194728?
404
What is the highest common factor of 2204 and 14500?
116
What is the greatest common factor of 4720672 and 352?
352
What is the highest common divisor of 355360 and 60?
20
Calculate the highest common factor of 13032 and 207.
9
What is the greatest common divisor of 1072020 and 884?
68
What is the greatest common factor of 10521 and 8487?
9
Calculate the highest common factor of 1260 and 61110.
630
Calculate the greatest common factor of 210013 and 1587.
529
Calculate the highest common divisor of 5863 and 34645.
533
What is the greatest common factor of 45 and 196305?
15
What is the highest common divisor of 10 and 436?
2
What is the highest common factor of 